at is the remainder when 780 is divided by 103?
59
What is the remainder when 1968 is divided by 651?
15
Calculate the remainder when 10033 is divided by 29.
28
What is the remainder when 165 is divided by 69?
27
Calculate the remainder when 244 is divided by 80.
4
What is the remainder when 112 is divided by 5?
2
What is the remainder when 144 is divided by 72?
0
Calculate the remainder when 764 is divided by 13.
10
What is the remainder when 571 is divided by 18?
13
What is the remainder when 574 is divided by 16?
14
What is the remainder when 215 is divided by 60?
35
What is the remainder when 27 is divided by 16?
11
What is the remainder when 174 is divided by 96?
78
What is the remainder when 636 is divided by 13?
12
Calculate the remainder when 354 is divided by 125.
104
Calculate the remainder when 117 is divided by 25.
17
Calculate the remainder when 196 is divided by 50.
46
What is the remainder when 46 is divided by 24?
22
What is the remainder when 983 is divided by 109?
2
Calculate the remainder when 27164 is divided by 17.
15
Calculate the remainder when 565 is divided by 334.
231
Calculate the remainder when 12284 is divided by 15.
14
What is the remainder when 317 is divided by 32?
29
Calculate the remainder when 678 is divided by 116.
98
What is the remainder when 357 is divided by 12?
9
Calculate the remainder when 72 is divided by 57.
15
What is the remainder when 63 is divided by 32?
31
What is the remainder when 62 is divided by 28?
6
Calculate the remainder when 379 is divided by 19.
18
What is the remainder when 601 is divided by 14?
13
Calculate the remainder when 2653 is divided by 166.
163
Calculate the remainder when 9524 is divided by 25.
24
What is the remainder when 459 is divided by 10?
9
Calculate the remainder when 402 is divided by 7.
3
Calculate the remainder when 272 is divided by 67.
4
Calculate the remainder when 60 is divided by 16.
12
Calculate the remainder when 49 is divided by 18.
13
Calculate the remainder when 613 is divided by 29.
4
What is the remainder when 243 is divided by 50?
43
What is the remainder when 1193 is divided by 122?
95
What is the remainder when 10 is divided by 3?
1
Calculate the remainder when 184 is divided by 94.
90
What is the remainder when 976 is divided by 40?
16
Calculate the remainder when 1638 is divided by 11.
10
What is the remainder when 198 is divided by 105?
93
Calculate the remainder when 252 is divided by 234.
18
What is the remainder when 247 is divided by 48?
7
What is the remainder when 30 is divided by 24?
6
What is the remainder when 4402 is divided by 13?
8
Calculate the remainder when 208 is divided by 103.
2
Calculate the remainder when 496 is divided by 69.
13
What is the remainder when 124 is divided by 68?
56
What is the remainder when 5074 is divided by 175?
174
What is the remainder when 135 is divided by 28?
23
Calculate the remainder when 3811 is divided by 2.
1
What is the remainder when 1687 is divided by 245?
217
What is the remainder when 1331 is divided by 328?
19
What is the remainder when 807 is divided by 165?
147
Calculate the remainder when 816 is divided by 89.
15
Calculate the remainder when 346 is divided by 13.
8
Calculate the remainder when 831 is divided by 139.
136
What is the remainder when 59 is divided by 6?
5
Calculate the remainder when 1241 is divided by 26.
19
What is the remainder when 1483 is divided by 99?
97
Calculate the remainder when 206 is divided by 10.
6
Calculate the remainder when 6185 is divided by 28.
25
Calculate the remainder when 1295 is divided by 3.
2
What is the remainder when 403 is divided by 29?
26
What is the remainder when 274 is divided by 23?
21
What is the remainder when 1541 is divided by 16?
5
Calculate the remainder when 23 is divided by 16.
7
What is the remainder when 407 is divided by 43?
20
Calculate the remainder when 184 is divided by 92.
0
What is the remainder when 7367 is divided by 1840?
7
Calculate the remainder when 4899 is divided by 3.
0
Calculate the remainder when 703 is divided by 13.
1
What is the remainder when 373 is divided by 94?
91
Calculate the remainder when 1559 is divided by 39.
38
What is the remainder when 825 is divided by 139?
130
Calculate the remainder when 3658 is divided by 204.
190
Calculate the remainder when 1270 is divided by 14.
10
Calculate the remainder when 314 is divided by 45.
44
Calculate the remainder when 255 is divided by 37.
33
Calculate the remainder when 23227 is divided by 87.
85
What is the remainder when 623 is divided by 104?
103
Calculate the remainder when 662 is divided by 81.
14
Calculate the remainder when 9740 is divided by 84.
80
What is the remainder when 342 is divided by 8?
6
What is the remainder when 266 is divided by 62?
18
Calculate the remainder when 12949 is divided by 74.
73
What is the remainder when 75 is divided by 21?
12
What is the remainder when 8273 is divided by 7?
6
Calculate the remainder when 22 is divided by 17.
5
What is the remainder when 1054 is divided by 342?
28
What is the remainder when 121 is divided by 42?
37
Calculate the remainder when 18213 is divided by 264.
261
Calculate the remainder when 307 is divided by 12.
7
What is the remainder when 2935 is divided by 488?
7
Calculate the remainder when 262 is divided by 40.
22
Calculate the remainder when 36 is divided by 8.
4
Calculate the remainder when 12933 is divided by 14.
11
Calculate the remainder when 291 is divided by 14.
11
Calculate the remainder when 2523 is divided by 15.
3
Calculate the remainder when 1043 is divided by 478.
87
What is the remainder when 28 is divided by 23?
5
What is the remainder when 3683 is divided by 367?
13
What is the remainder when 153 is divided by 12?
9
Calculate the remainder when 9884 is divided by 430.
424
What is the remainder when 112 is divided by 57?
55
What is the remainder when 219 is divided by 56?
51
What is the remainder when 199 is divided by 35?
24
What is the remainder when 521 is divided by 15?
11
What is the remainder when 174 is divided by 8?
6
What is the remainder when 25529 is divided by 111?
110
What is the remainder when 607 is divided by 153?
148
Calculate the remainder when 1950 is divided by 8.
6
Calculate the remainder when 1111 is divided by 222.
1
What is the remainder when 410 is divided by 69?
65
What is the remainder when 1243 is divided by 42?
25
Calculate the remainder when 141 is divided by 130.
11
Calculate the remainder when 904 is divided by 57.
49
What is the remainder when 2406 is divided by 19?
12
Calculate the remainder when 466 is divided by 16.
2
What is the remainder when 310 is divided by 105?
100
Calculate the remainder when 219 is divided by 23.
12
Calculate the remainder when 50 is divided by 12.
2
Calculate the remainder when 30379 is divided by 196.
195
What is the remainder when 470 is divided by 116?
6
What is the remainder when 41 is divided by 12?
5
Calculate the remainder when 175 is divided by 96.
79
What is the remainder when 949 is divided by 365?
219
What is the remainder when 6037 is divided by 33?
31
What is the remainder when 1079 is divided by 19?
15
Calculate the remainder when 1730 is divided by 35.
15
Calculate the remainder when 371 is divided by 177.
17
Calculate the remainder when 72 is divided by 68.
4
Calculate the remainder when 230 is divided by 72.
14
What is the remainder when 18501 is divided by 72?
69
What is the remainder when 362 is divided by 87?
14
What is the remainder when 281 is divided by 112?
57
Calculate the remainder when 223 is divided by 75.
73
Calculate the remainder when 393 is divided by 33.
30
Calculate the remainder when 5354 is divided by 119.
118
What is the remainder when 319 is divided by 277?
42
What is the remainder when 475 is divided by 34?
33
Calculate the remainder when 704 is divided by 15.
14
What is the remainder when 402 is divided by 13?
12
What is the remainder when 556 is divided by 51?
46
What is the remainder when 172 is divided by 29?
27
Calculate the remainder when 133 is divided by 35.
28
Calculate the remainder when 1177 is divided by 20.
17
Calculate the remainder when 1165 is divided by 231.
10
Calculate the remainder when 4099 is divided by 54.
49
Calculate the remainder when 143 is divided 